ainder when 3180 is divided by 856?
612
Calculate the remainder when 789 is divided by 401.
388
What is the remainder when 2333 is divided by 180?
173
What is the remainder when 13990 is divided by 500?
490
What is the remainder when 10865 is divided by 987?
8
Calculate the remainder when 171748 is divided by 394.
358
What is the remainder when 68955 is divided by 26?
3
Calculate the remainder when 385542 is divided by 800.
742
Calculate the remainder when 828 is divided by 267.
27
What is the remainder when 114908 is divided by 72?
68
Calculate the remainder when 23391 is divided by 83.
68
Calculate the remainder when 68955 is divided by 4.
3
Calculate the remainder when 956739 is divided by 176.
3
What is the remainder when 273208 is divided by 5?
3
What is the remainder when 1802 is divided by 504?
290
What is the remainder when 14723 is divided by 14719?
4
What is the remainder when 10579 is divided by 14?
9
Calculate the remainder when 1286 is divided by 44.
10
Calculate the remainder when 32932 is divided by 725.
307
What is the remainder when 141621 is divided by 18?
15
What is the remainder when 19425 is divided by 148?
37
Calculate the remainder when 2558 is divided by 729.
371
Calculate the remainder when 4729 is divided by 242.
131
What is the remainder when 2526355 is divided by 28?
27
Calculate the remainder when 32100 is divided by 338.
328
What is the remainder when 193587 is divided by 2225?
12
Calculate the remainder when 19024 is divided by 64.
16
Calculate the remainder when 74995 is divided by 22.
19
What is the remainder when 6201 is divided by 2057?
30
Calculate the remainder when 16212 is divided by 17.
11
What is the remainder when 16144 is divided by 21?
16
Calculate the remainder when 303021 is divided by 142.
135
What is the remainder when 1267194 is divided by 17?
14
What is the remainder when 408677 is divided by 68?
65
What is the remainder when 833 is divided by 146?
103
Calculate the remainder when 15072 is divided by 137.
2
What is the remainder when 893 is divided by 215?
33
Calculate the remainder when 29109 is divided by 43.
41
Calculate the remainder when 63070 is divided by 21022.
4
Calculate the remainder when 2384 is divided by 233.
54
Calculate the remainder when 1256 is divided by 671.
585
What is the remainder when 60892 is divided by 352?
348
Calculate the remainder when 5456 is divided by 498.
476
Calculate the remainder when 1204 is divided by 93.
88
What is the remainder when 5721 is divided by 1428?
9
What is the remainder when 28901 is divided by 103?
61
Calculate the remainder when 19480 is divided by 261.
166
Calculate the remainder when 4329627 is divided by 146.
143
Calculate the remainder when 737 is divided by 57.
53
What is the remainder when 2883 is divided by 9?
3
Calculate the remainder when 3555 is divided by 445.
440
Calculate the remainder when 945 is divided by 315.
0
Calculate the remainder when 7099 is divided by 2236.
391
Calculate the remainder when 18376 is divided by 391.
390
What is the remainder when 824410 is divided by 618?
616
What is the remainder when 3099 is divided by 60?
39
Calculate the remainder when 1972 is divided by 29.
0
Calculate the remainder when 855 is divided by 174.
159
What is the remainder when 45036 is divided by 142?
22
What is the remainder when 7402 is divided by 390?
382
What is the remainder when 70883 is divided by 140?
43
What is the remainder when 450617 is divided by 233?
228
Calculate the remainder when 3383 is divided by 843.
11
Calculate the remainder when 43549 is divided by 19.
1
Calculate the remainder when 26565 is divided by 5313.
0
What is the remainder when 20124 is divided by 61?
55
What is the remainder when 6954 is divided by 2618?
1718
Calculate the remainder when 41067 is divided by 302.
297
What is the remainder when 156467 is divided by 156?
155
What is the remainder when 13982 is divided by 6989?
4
Calculate the remainder when 3413 is divided by 115.
78
What is the remainder when 2375 is divided by 99?
98
Calculate the remainder when 111362 is divided by 7.
6
Calculate the remainder when 45629 is divided by 131.
41
Calculate the remainder when 125238 is divided by 412.
402
Calculate the remainder when 4348 is divided by 221.
149
Calculate the remainder when 60208 is divided by 149.
12
What is the remainder when 18528 is divided by 17?
15
Calculate the remainder when 606109 is divided by 12122.
9
Calculate the remainder when 16736 is divided by 31.
27
What is the remainder when 124489 is divided by 327?
229
What is the remainder when 1186341 is divided by 17?
13
What is the remainder when 107095 is divided by 19?
11
What is the remainder when 12117 is divided by 1009?
9
Calculate the remainder when 4058 is divided by 110.
98
What is the remainder when 447360 is divided by 116?
64
What is the remainder when 63611 is divided by 1518?
1373
Calculate the remainder when 15411 is divided by 27.
21
What is the remainder when 24623 is divided by 18?
17
Calculate the remainder when 12758 is divided by 85.
8
Calculate the remainder when 4924 is divided by 702.
10
Calculate the remainder when 200089 is divided by 73.
69
Calculate the remainder when 11314 is divided by 1885.
4
Calculate the remainder when 3575 is divided by 20.
15
Calculate the remainder when 1850 is divided by 456.
26
What is the remainder when 11772 is divided by 368?
364
What is the remainder when 3477 is divided by 755?
457
What is the remainder when 2426 is divided by 238?
46
What is the remainder when 837 is divided by 53?
42
Calculate the remainder when 4194 is divided by 4022.
172
Calculate the remainder when 4289 is divided by 2008.
273
Calculate the remainder when 63390 is divided by 31662.
66
What is the remainder when 30298 is divided by 93?
73
Calculate the remainder when 2923 is divided by 367.
354
Calculate the remainder when 71099 is divided by 23677.
68
What is the remainder when 496509 is divided by 70?
69
Calculate the remainder when 2275908 is divided by 610.
608
What is the remainder when 25670 is divided by 12833?
4
Calculate the remainder when 3496 is divided by 440.
416
Calculate the remainder when 51997 is divided by 16.
13
Calculate the remainder when 3701 is divided by 460.
21
What is the remainder when 3693 is divided by 179?
113
Calculate the remainder when 34698 is divided by 43.
40
Calculate the remainder when 30612 is divided by 403.
387
What is the remainder when 20468 is divided by 12?
8
What is the remainder when 791830 is divided by 73?
72
What is the remainder when 7562 is divided by 583?
566
What is the remainder when 13124 is divided by 5852?
1420
Calculate the remainder when 2571 is divided by 821.
108
What is the remainder when 3630 is divided by 7?
4
Calculate the remainder when 10099 is divided by 5047.
5
What is the remainder when 3436 is divided by 26?
4
Calculate the remainder when 59130 is divided by 924.
918
Calculate the remainder when 65727 is divided by 8.
7
Calculate the remainder when 426754 is divided by 66.
64
Calculate the remainder when 5038 is divided by 285.
193
What is the remainder when 7606 is divided by 43?
38
Calculate the remainder when 24701 is divided by 343.
5
What is the remainder when 90816 is divided by 35?
26
What is the remainder when 29397 is divided by 12?
9
Calculate the remainder when 65768 is divided by 116.
112
What is the remainder when 6259 is divided by 56?
43
What is the remainder when 37058 is divided by 142?
138
Calculate the remainder when 3929 is divided by 1257.
158
Calculate the remainder when 1080845 is divided by 234.
233
Calculate the remainder when 85797 is divided by 3730.
7
What is the remainder when 7124 is divided by 29?
19
What is the remainder when 6238 is divided by 6238?
0
Calculate the remainder when 1328 is divided by 364.
236
What is the remainder when 3286 is divided by 468?
10
What is the remainder when 13255 is divided by 52?
47
What is the remainder when 10613 is divided by 149?
34
What is the remainder when 94495 is divided by 100?
95
What is the remainder when 19603 is divided by 18?
1
Calculate the remainder when 9316 is divided by 22.
10
What is the remainder when 133250 is divided by 234?
104
Calculate the remainder when 8052863 is divided by 185.
183
Wha